{"id":88,"date":"2024-07-24T14:01:11","date_gmt":"2024-07-24T14:01:11","guid":{"rendered":"https:\/\/centrofamiglia.ciscirie.it\/?page_id=88"},"modified":"2025-10-31T13:18:12","modified_gmt":"2025-10-31T13:18:12","slug":"progetto-1000giorni-e-0-3","status":"publish","type":"page","link":"https:\/\/centrofamiglia.ciscirie.it\/?page_id=88","title":{"rendered":"Progetto 1000giorni e 0-3"},"content":{"rendered":"<h1>Progetto 1000 giorni e Carta ZeroSei<\/h1>\n<p><strong>Progetto \u201cIl Filo dei 1000 giorni\u201d <\/strong><\/p>\n<h2><strong>L\u2019importanza dei primi 1000 giorni:<\/strong><\/h2>\n<h2><strong>il periodo che va da prima del concepimento fino ai 2 anni<\/strong><\/h2>\n<p><strong>La Salute \u00e8 un fenomeno complesso, dinamico, multidimensionale che richiede un approccio multifattoriale. I primi 1000 giorni di vita di ogni essere umano sono un periodo di importanza strategica che pone le basi per lo sviluppo e la salute dell\u2019intero arco della vita. L\u2019investimento in interventi precoci di protezione e promozione della salute dei bambini nelle prime epoche della vita tramite un approccio intersettoriale \u00e8 una delle priorit\u00e0 individuate dalle organizzazioni mondiali in sanit\u00e0 pubblica, quali l\u2019OMS e l\u2019UNICEF.La prima infanzia e la genitorialit\u00e0 responsiva sono uno degli assi di riferimento della nostra azione.<\/strong><\/p>\n<h2><strong><br \/>\nUna iniziativa della Regione Piemonte per il Piano della Prevenzione della Salute 2020- 2025 <\/strong><\/h2>\n<p><strong>\u201cPrimi mille giorni di vita\u201d-PL11<\/strong><\/p>\n<ol>\n<li>\n<h2><strong>Spaziogioco-Ludoteca 0-3 anni <\/strong><strong>(rimanda a pagina con descrizione e contatti)<\/strong><\/h2>\n<\/li>\n<\/ol>\n<p>E\u2019 uno spazio attrezzato in stile montessoriano per bambini fino ai tre anni di et\u00e0 che accompagnati da un adulto possono accedere dal luned\u00ec al venerd\u00ec dalle ore 10.00 alle ore 12.00 per condividere giochi e attivit\u00e0 con gli altri partecipanti.<\/p>\n<p>Nel corso dell\u2019anno si organizzano laboratori ludico\/ricreativi a tema con la collaborazione di operatori e consulenti.<\/p>\n<p>Lo spazio gioco si avvale della preziosa collaborazione di un gruppo di volontarie della Fondazione \u201cE. Troglia\u201d<\/p>\n<p>L\u2019 accesso \u00e8 gratuito<\/p>\n<ol start=\"2\">\n<li>\n<h2><strong>Massaggio infantile<\/strong><\/h2>\n<\/li>\n<\/ol>\n<p>Il\u00a0massaggio infantile\u00a0offre al bambino la possibilit\u00e0 di un\u2019esperienza di contatto positiva e rassicurante, poich\u00e9 aiuta a creare una reciproca conoscenza corporea e contiene tutti gli elementi del legame di attaccamento (vicinanza, calore, contatto).\u00a0Il massaggio infantile permette ai genitori di conoscere sempre meglio il proprio bambino e di poter dunque rispondere in maniera pi\u00f9 appropriata ai suoi bisogni.<\/p>\n<p>Il percorso prevede 5 incontri della durata di un\u2019ora circa ed \u00e8 previsto un contributo di \u20ac 20 per tutto il corso<\/p>\n<p>Per partecipare e iscriversi contattare:<\/p>\n<ol start=\"3\">\n<li>\n<h2><strong>Serate disostruzione pediatrica<\/strong><\/h2>\n<\/li>\n<\/ol>\n<p>In collaborazione con la Croce Verde di Torino, sezione di Ciri\u00e8 si organizzano delle serate teorico\/pratiche per sensibilizzare l\u2019opinione pubblica sulla prevenzione del rischio di inalazioni di corpo estraneo nel bambino, e diffondere la cultura dell\u2019importanza delle manovre di emergenza.<\/p>\n<p>L\u2019incontro ha una durata di tre ore circa ed \u00e8 gratuito, per partecipare e iscriversi contattare:<\/p>\n<ol start=\"4\">\n<li>\n<h2><strong>Associazione MOM\u2019S \u2013 Mamme On Line Ciri\u00e8<\/strong><\/h2>\n<\/li>\n<\/ol>\n<p>Associazione no profit dedicata alla genitorialit\u00e0 ad alto contatto.<\/p>\n<p>Ci\u00f2 che contraddistingue l\u2019associazione \u00e8 il rapporto mamma a mamma, fatto di confronto, supporto e sostegno<\/p>\n<p>Ogni terzo sabato del mese incontri gratuiti a libero accesso su temi riguardanti gravidanza, allattamento, genitorialit\u00e0 ad alto contatto, utilizzo delle fasce porta-beb\u00e8 e pannolini lavabili, attaccamento e molti altri\u2026 tenuti da professionisti preparati presso la nostra Ludoteca Spazio-Gioco.<\/p>\n<p>Gli incontri sono gratuiti, per partecipare e iscriversi contattare:<\/p>\n<ul>\n<li>Barbara 393 055 4165<\/li>\n<li>Elena 347 237 9194<\/li>\n<\/ul>\n<p>&nbsp;<\/p>\n<p>https:\/\/ugc.production.linktr.ee\/5b1165f3-e080-4e4d-8cb0-acf0a185ef4f_volantino-Agenda-Gravidnza.pdf<\/p>\n<ol start=\"5\">\n<li>\n<h2><strong>Gruppo mamme\/pap\u00e0<\/strong><\/h2>\n<\/li>\n<\/ol>\n<p>Incontro in piccolo gruppo per genitori con figli 0-3 anni per confrontarsi e condividere i momenti di crescita del proprio beb\u00e8, essere pi\u00f9 consapevoli delle tappe evolutive che stanno attraversando e sostenersi scambiandosi strategie e punti di vista differenti.<\/p>\n<p>10 incontri gratuiti a cadenza qundicinale per iscrizioni e info contattare i numeri del centro<\/p>\n<p>Gli incontri sono gratuiti, per partecipare e iscriversi contattare:<\/p>\n<p><strong>\u00a0<\/strong><\/p>\n<h2><strong>\u201c<\/strong><strong>Carta ZeroSei\u201d <\/strong><\/h2>\n<p>La Regione Piemonte, in collaborazione con i Centri per le Famiglie, ha predisposto una carta per promuovere e far conoscere i servizi dedicati alle famiglie con figli da 0 a 6 anni. Si chiama \u201cCarta ZeroSei\u201d e raccoglie le attivit\u00e0 che quotidianamente vengono proposte ai nuclei famigliari sui territori all\u2019interno dei Centri per le Famiglie e in collaborazione con il\u00a0 sistema dei servizi esistenti.<\/p>\n<p>Il documento: decodifica la domanda, orienta nell\u2019utilizzo dei servizi e delle prestazioni a sostegno della genitorialit\u00e0 anche con riferimento agli aspetti della vita quotidiana.<\/p>\n<p>Nella sezione locale si trovano le informazioni relative ai vari Centri regionali (alle pagine 76 e 77 quelle del Centro per le Famiglie C.I.S. Ciri\u00e8).<\/p>\n<p><a href=\"https:\/\/centrofamiglia.ciscirie.it\/wp-content\/uploads\/2025\/07\/carta_regionale_zero_6_centri_famiglia.pdf\" target=\"_blank\" rel=\"noopener\">Scarica il volantino<\/a><\/p>\n","protected":false},"excerpt":{"rendered":"<p>Progetto 1000 giorni e Carta ZeroSei Progetto \u201cIl Filo dei 1000 giorni\u201d L\u2019importanza dei primi 1000 giorni: il periodo che va da prima del concepimento fino ai 2 anni La&#8230;<\/p>\n","protected":false},"author":1,"featured_media":0,"parent":0,"menu_order":0,"comment_status":"closed","ping_status":"closed","template":"","meta":{"footnotes":""},"class_list":["post-88","page","type-page","status-publish"],"_links":{"self":[{"href":"https:\/\/centrofamiglia.ciscirie.it\/index.php?rest_route=\/wp\/v2\/pages\/88","targetHints":{"allow":["GET"]}}],"collection":[{"href":"https:\/\/centrofamiglia.ciscirie.it\/index.php?rest_route=\/wp\/v2\/pages"}],"about":[{"href":"https:\/\/centrofamiglia.ciscirie.it\/index.php?rest_route=\/wp\/v2\/types\/page"}],"author":[{"embeddable":true,"href":"https:\/\/centrofamiglia.ciscirie.it\/index.php?rest_route=\/wp\/v2\/users\/1"}],"replies":[{"embeddable":true,"href":"https:\/\/centrofamiglia.ciscirie.it\/index.php?rest_route=%2Fwp%2Fv2%2Fcomments&post=88"}],"version-history":[{"count":5,"href":"https:\/\/centrofamiglia.ciscirie.it\/index.php?rest_route=\/wp\/v2\/pages\/88\/revisions"}],"predecessor-version":[{"id":290,"href":"https:\/\/centrofamiglia.ciscirie.it\/index.php?rest_route=\/wp\/v2\/pages\/88\/revisions\/290"}],"wp:attachment":[{"href":"https:\/\/centrofamiglia.ciscirie.it\/index.php?rest_route=%2Fwp%2Fv2%2Fmedia&parent=88"}],"curies":[{"name":"wp","href":"https:\/\/api.w.org\/{rel}","templated":true}]}}