{"id":77,"date":"2024-07-24T13:56:42","date_gmt":"2024-07-24T13:56:42","guid":{"rendered":"https:\/\/centrofamiglia.ciscirie.it\/?page_id=77"},"modified":"2024-09-06T10:03:30","modified_gmt":"2024-09-06T10:03:30","slug":"consulenza-legale","status":"publish","type":"page","link":"https:\/\/centrofamiglia.ciscirie.it\/?page_id=77","title":{"rendered":"Consulenza  legale"},"content":{"rendered":"<h2><strong>Consulenza\u00a0 Legale<\/strong><\/h2>\n<p>Lo Sportello di consulenza legale \u00e8 uno spazio dedicato alle famiglie o ai singoli dove si pu\u00f2 incontrare un avvocato per una prima consulenza per approfondire informazioni sul diritto di famiglia.<br \/>\nIl servizio \u00e8 gratuito e si svolge a Ciri\u00e8 nei locali del Centro Famiglia, si accede su prenotazione il marted\u00ec ogni quindici giorni dalle ore 17.00 alle 19.00<br \/>\nLo sportello \u00e8 a cura dell\u2019Associazione Avvocati Ciri\u00e8-Valli di Lanzo<\/p>\n","protected":false},"excerpt":{"rendered":"<p>Consulenza\u00a0 Legale Lo Sportello di consulenza legale \u00e8 uno spazio dedicato alle famiglie o ai singoli dove si pu\u00f2 incontrare un avvocato per una prima consulenza per approfondire informazioni sul&#8230;<\/p>\n","protected":false},"author":1,"featured_media":0,"parent":0,"menu_order":0,"comment_status":"closed","ping_status":"closed","template":"","meta":{"footnotes":""},"class_list":["post-77","page","type-page","status-publish"],"_links":{"self":[{"href":"https:\/\/centrofamiglia.ciscirie.it\/index.php?rest_route=\/wp\/v2\/pages\/77","targetHints":{"allow":["GET"]}}],"collection":[{"href":"https:\/\/centrofamiglia.ciscirie.it\/index.php?rest_route=\/wp\/v2\/pages"}],"about":[{"href":"https:\/\/centrofamiglia.ciscirie.it\/index.php?rest_route=\/wp\/v2\/types\/page"}],"author":[{"embeddable":true,"href":"https:\/\/centrofamiglia.ciscirie.it\/index.php?rest_route=\/wp\/v2\/users\/1"}],"replies":[{"embeddable":true,"href":"https:\/\/centrofamiglia.ciscirie.it\/index.php?rest_route=%2Fwp%2Fv2%2Fcomments&post=77"}],"version-history":[{"count":2,"href":"https:\/\/centrofamiglia.ciscirie.it\/index.php?rest_route=\/wp\/v2\/pages\/77\/revisions"}],"predecessor-version":[{"id":107,"href":"https:\/\/centrofamiglia.ciscirie.it\/index.php?rest_route=\/wp\/v2\/pages\/77\/revisions\/107"}],"wp:attachment":[{"href":"https:\/\/centrofamiglia.ciscirie.it\/index.php?rest_route=%2Fwp%2Fv2%2Fmedia&parent=77"}],"curies":[{"name":"wp","href":"https:\/\/api.w.org\/{rel}","templated":true}]}}